{"id":9563,"date":"2026-09-03T10:49:03","date_gmt":"2026-09-03T13:49:03","guid":{"rendered":"https:\/\/arquimendoza.org.ar\/wordpress\/?page_id=9563"},"modified":"2026-09-04T16:37:06","modified_gmt":"2026-09-04T19:37:06","slug":"comision-de-prevencion-de-abusos","status":"publish","type":"page","link":"https:\/\/arquimendoza.org.ar\/wordpress\/comision-de-prevencion-de-abusos\/","title":{"rendered":"Comisi\u00f3n Arquidiocesana para la Protecci\u00f3n de NNAyAV"},"content":{"rendered":"\t\t<div data-elementor-type=\"wp-page\" data-elementor-id=\"9563\" class=\"elementor elementor-9563\">\n\t\t\t\t\t\t<section class=\"elementor-section elementor-top-section elementor-element elementor-element-654d72a9 elementor-section-boxed elementor-section-height-default elementor-section-height-default\" data-id=\"654d72a9\" data-element_type=\"section\" data-e-type=\"section\">\n\t\t\t\t\t\t<div class=\"elementor-container elementor-column-gap-default\">\n\t\t\t\t\t<div class=\"elementor-column elementor-col-100 elementor-top-column elementor-element elementor-element-116c2f6d\" data-id=\"116c2f6d\" data-element_type=\"column\" data-e-type=\"column\" data-settings=\"{&quot;background_background&quot;:&quot;classic&quot;}\">\n\t\t\t<div class=\"elementor-widget-wrap elementor-element-populated\">\n\t\t\t\t\t\t<div class=\"elementor-element elementor-element-55d1d69e elementor-widget elementor-widget-text-editor\" data-id=\"55d1d69e\" data-element_type=\"widget\" data-e-type=\"widget\" data-widget_type=\"text-editor.default\">\n\t\t\t\t<div class=\"elementor-widget-container\">\n\t\t\t\t\t\t\t\t\t<p><h2 class=\"has-link-color wp-elements-c781e075427c87e195d1e67e02baef58 wp-block-post-title has-text-color has-luminous-vivid-orange-color has-background has-white-background-color\">Comisi\u00f3n Arquidiocesana para la Protecci\u00f3n de NNAyAV<\/h2><\/p>\n<p><\/p>\n<p>La Comisi\u00f3n Arquidiocesana para la Protecci\u00f3n de Ni\u00f1os, Ni\u00f1as, Adolescentes y Adultos en situaci\u00f3n de vulnerabilidad (en adelante NNAyAV) es un equipo interdisciplinar, compuesto por varios miembros, consagrados y laicos.<\/p>\n<p>Su misi\u00f3n es planificar, promover y conducir instancias de formaci\u00f3n en la prevenci\u00f3n en toda la Arquidi\u00f3cesis, que incluyan entre sus destinatarios a sacerdotes, seminaristas, religiosos, docentes, agentes de pastoral, padres de familia, ni\u00f1os, j\u00f3venes y todos aquellos que tengan contacto pastoral con NNAyAV, en todos los niveles.<\/p>\n<p>Tambi\u00e9n se ocupa de ofrecer asesoramiento a diversos espacios de la Arquidi\u00f3cesis en materia de prevenci\u00f3n y abordaje de situaciones que comprometan los derechos y la integridad de ni\u00f1os, ni\u00f1as, adolescentes y adultos vulnerables. La cultura del cuidado y la promoci\u00f3n de entornos seguros es una tarea de todos.<\/p>\n<p>En este mail puede dejarnos su consulta o informe vinculado a la protecci\u00f3n de ni\u00f1os, ni\u00f1as, adolescentes o adultos vulnerables en Arquidi\u00f3cesis de Mendoza. Su inquietud ser\u00e1 respondida a la brevedad:\u00a0\u00a0<a href=\"mailto:informesprevenci\u00f3n@arquimendoza.com.ar?subject=Consulta desde la web\" target=\"_blank\" rel=\"noreferrer noopener\">informesprevenci\u00f3n@arquimendoza.com.ar<\/a><\/p>\n<p><\/p>\n<p><\/p>\n<div>\n<div>\n<div style=\"width: 600%; height: 600px; max-width: 100%;\" data-source-id=\"source-undefined\" data-embed-type=\"PDF\" data-embedpress-content=\"source-undefined\">\n<div>\n<div>\n<div><iframe style=\"height: 600px; width: 600%; max-width: 100%;\" title=\"23.10.09 Normas Criterios y Protocolo Protecci\u00f3n MZA (versi\u00f3n digital)\" src=\"https:\/\/arquimendoza.org.ar\/wordpress\/wp-admin\/admin-ajax.php?action=get_viewer&amp;scrolling=-1&amp;selection_tool=0&amp;spreads=0&amp;file=https%3A%2F%2Farquimendoza.org.ar%2Fwordpress%2Fwp-content%2Fuploads%2F2026%2F09%2F23.10.09-Normas-Criterios-y-Protocolo-Proteccion-MZA-version-digital.pdf#key=dGhlbWVNb2RlPWRlZmF1bHQmcHJlc2VudGF0aW9uPXRydWUmbGF6eUxvYWQ9ZmFsc2UmcG9zaXRpb249dG9wJmZsaXBib29rX3Rvb2xiYXJfcG9zaXRpb249Ym90dG9tJmRvd25sb2FkPXRydWUmdG9vbGJhcj10cnVlJmNvcHlfdGV4dD10cnVlJmFkZF90ZXh0PXRydWUmZHJhdz1mYWxzZSZkb2NfZGV0YWlscz10cnVlJmRvY19yb3RhdGlvbj10cnVlJmFkZF9pbWFnZT10cnVlJnpvb21faW49dHJ1ZSZ6b29tX291dD10cnVlJmZpdF92aWV3PXRydWUmYm9va21hcms9dHJ1ZSZzZWxlY3Rpb25fdG9vbD0wJnNjcm9sbGluZz0tMSZzcHJlYWRzPTAmcGFnZU51bWJlcj0xJndhdGVybWFya190ZXh0PSZ3YXRlcm1hcmtfZm9udF9zaXplPTQ4JndhdGVybWFya19jb2xvcj0lMjMwMDAwMDAmd2F0ZXJtYXJrX29wYWNpdHk9MTUmd2F0ZXJtYXJrX3N0eWxlPWNlbnRlcg==\" data-emid=\"embedpress-pdf-1788443755028\" data-viewer-style=\"modern\" data-gtm-yt-inspected-11=\"true\"><\/iframe><\/div>\n<p>Powered By EmbedPress<\/p>\n<\/div>\n<\/div>\n<\/div>\n<\/div>\n<\/div>\n<p><\/p>\t\t\t\t\t\t\t\t<\/div>\n\t\t\t\t<\/div>\n\t\t\t\t\t<\/div>\n\t\t<\/div>\n\t\t\t\t\t<\/div>\n\t\t<\/section>\n\t\t\t\t<\/div>\n\t\t","protected":false},"excerpt":{"rendered":"<p>La Comisi\u00f3n Arquidiocesana para la Protecci\u00f3n de Ni\u00f1os, Ni\u00f1as, Adolescentes y Adultos en situaci\u00f3n de vulnerabilidad (en adelante NNAyAV) es un equipo interdisciplinar, compuesto por varios miembros, consagrados y laicos. Su misi\u00f3n es planificar, promover y conducir instancias de formaci\u00f3n en la prevenci\u00f3n en toda la Arquidi\u00f3cesis, que incluyan entre sus destinatarios a sacerdotes, seminaristas, [&hellip;]<\/p>\n","protected":false},"author":12,"featured_media":0,"parent":0,"menu_order":0,"comment_status":"closed","ping_status":"closed","template":"","meta":{"_acf_changed":false,"footnotes":""},"class_list":["post-9563","page","type-page","status-publish","hentry"],"acf":[],"_links":{"self":[{"href":"https:\/\/arquimendoza.org.ar\/wordpress\/wp-json\/wp\/v2\/pages\/9563","targetHints":{"allow":["GET"]}}],"collection":[{"href":"https:\/\/arquimendoza.org.ar\/wordpress\/wp-json\/wp\/v2\/pages"}],"about":[{"href":"https:\/\/arquimendoza.org.ar\/wordpress\/wp-json\/wp\/v2\/types\/page"}],"author":[{"embeddable":true,"href":"https:\/\/arquimendoza.org.ar\/wordpress\/wp-json\/wp\/v2\/users\/12"}],"replies":[{"embeddable":true,"href":"https:\/\/arquimendoza.org.ar\/wordpress\/wp-json\/wp\/v2\/comments?post=9563"}],"version-history":[{"count":13,"href":"https:\/\/arquimendoza.org.ar\/wordpress\/wp-json\/wp\/v2\/pages\/9563\/revisions"}],"predecessor-version":[{"id":9641,"href":"https:\/\/arquimendoza.org.ar\/wordpress\/wp-json\/wp\/v2\/pages\/9563\/revisions\/9641"}],"wp:attachment":[{"href":"https:\/\/arquimendoza.org.ar\/wordpress\/wp-json\/wp\/v2\/media?parent=9563"}],"curies":[{"name":"wp","href":"https:\/\/api.w.org\/{rel}","templated":true}]}}

Comisión Arquidiocesana para la Protección de NNAyAV

<div data-elementor-type="wp-page" data-elementor-id="9563" class="elementor elementor-9563">
						<section class="elementor-section elementor-top-section elementor-element elementor-element-654d72a9 elementor-section-boxed elementor-section-height-default elementor-section-height-default" data-id="654d72a9" data-element_type="section" data-e-type="section">
						<div class="elementor-container elementor-column-gap-default">
					<div class="elementor-column elementor-col-100 elementor-top-column elementor-element elementor-element-116c2f6d" data-id="116c2f6d" data-element_type="column" data-e-type="column" data-settings="{&quot;background_background&quot;:&quot;classic&quot;}">
			<div class="elementor-widget-wrap elementor-element-populated">
						<div class="elementor-element elementor-element-55d1d69e elementor-widget elementor-widget-text-editor" data-id="55d1d69e" data-element_type="widget" data-e-type="widget" data-widget_type="text-editor.default">
				<div class="elementor-widget-container">
									<p><h2 class="has-link-color wp-elements-c781e075427c87e195d1e67e02baef58 wp-block-post-title has-text-color has-luminous-vivid-orange-color has-background has-white-background-color">Comisión Arquidiocesana para la Protección de NNAyAV</h2></p>
<p></p>
<p>La Comisión Arquidiocesana para la Protección de Niños, Niñas, Adolescentes y Adultos en situación de vulnerabilidad (en adelante NNAyAV) es un equipo interdisciplinar, compuesto por varios miembros, consagrados y laicos.</p>
<p>Su misión es planificar, promover y conducir instancias de formación en la prevención en toda la Arquidiócesis, que incluyan entre sus destinatarios a sacerdotes, seminaristas, religiosos, docentes, agentes de pastoral, padres de familia, niños, jóvenes y todos aquellos que tengan contacto pastoral con NNAyAV, en todos los niveles.</p>
<p>También se ocupa de ofrecer asesoramiento a diversos espacios de la Arquidiócesis en materia de prevención y abordaje de situaciones que comprometan los derechos y la integridad de niños, niñas, adolescentes y adultos vulnerables. La cultura del cuidado y la promoción de entornos seguros es una tarea de todos.</p>
<p>En este mail puede dejarnos su consulta o informe vinculado a la protección de niños, niñas, adolescentes o adultos vulnerables en Arquidiócesis de Mendoza. Su inquietud será respondida a la brevedad:  <a href="mailto:informesprevención@arquimendoza.com.ar?subject=Consulta desde la web" target="_blank" rel="noreferrer noopener">informesprevención@arquimendoza.com.ar</a></p>
<p></p>
<p></p>
<div>
<div>
<div style="width: 600%; height: 600px; max-width: 100%;" data-source-id="source-undefined" data-embed-type="PDF" data-embedpress-content="source-undefined">
<div>
<div>
<div><iframe style="height: 600px; width: 600%; max-width: 100%;" title="23.10.09 Normas Criterios y Protocolo Protección MZA (versión digital)" src="https://arquimendoza.org.ar/wordpress/wp-admin/admin-ajax.php?action=get_viewer&amp;scrolling=-1&amp;selection_tool=0&amp;spreads=0&amp;file=https%3A%2F%2Farquimendoza.org.ar%2Fwordpress%2Fwp-content%2Fuploads%2F2026%2F09%2F23.10.09-Normas-Criterios-y-Protocolo-Proteccion-MZA-version-digital.pdf#key=dGhlbWVNb2RlPWRlZmF1bHQmcHJlc2VudGF0aW9uPXRydWUmbGF6eUxvYWQ9ZmFsc2UmcG9zaXRpb249dG9wJmZsaXBib29rX3Rvb2xiYXJfcG9zaXRpb249Ym90dG9tJmRvd25sb2FkPXRydWUmdG9vbGJhcj10cnVlJmNvcHlfdGV4dD10cnVlJmFkZF90ZXh0PXRydWUmZHJhdz1mYWxzZSZkb2NfZGV0YWlscz10cnVlJmRvY19yb3RhdGlvbj10cnVlJmFkZF9pbWFnZT10cnVlJnpvb21faW49dHJ1ZSZ6b29tX291dD10cnVlJmZpdF92aWV3PXRydWUmYm9va21hcms9dHJ1ZSZzZWxlY3Rpb25fdG9vbD0wJnNjcm9sbGluZz0tMSZzcHJlYWRzPTAmcGFnZU51bWJlcj0xJndhdGVybWFya190ZXh0PSZ3YXRlcm1hcmtfZm9udF9zaXplPTQ4JndhdGVybWFya19jb2xvcj0lMjMwMDAwMDAmd2F0ZXJtYXJrX29wYWNpdHk9MTUmd2F0ZXJtYXJrX3N0eWxlPWNlbnRlcg==" data-emid="embedpress-pdf-1788443755028" data-viewer-style="modern" data-gtm-yt-inspected-11="true"></iframe></div>
<p>Powered By EmbedPress</p>
</div>
</div>
</div>
</div>
</div>
<p></p>								</div>
				</div>
					</div>
		</div>
					</div>
		</section>
				</div>

<p>La Comisión Arquidiocesana para la Protección de Niños, Niñas, Adolescentes y Adultos en situación de vulnerabilidad (en adelante NNAyAV) es un equipo interdisciplinar, compuesto por varios miembros, consagrados y laicos. Su misión es planificar, promover y conducir instancias de formación en la prevención en toda la Arquidiócesis, que incluyan entre sus destinatarios a sacerdotes, seminaristas, [&hellip;]</p>
